 + -3 + 5)/((-22)/(-5181))?
7
Suppose 0 = -3*z - 0*z + 180. Suppose 0*h - z = 3*h. Let k = h - -34. What is the units digit of k?
4
What is the tens digit of -19 + 25 + 163*3?
9
Suppose 102*m - 105*m = -2*o - 17388, -2*o + 6 = 0. What is the units digit of m?
8
Let n = 80 + 35. Suppose -15*i + n = -10*i. What is the tens digit of i?
2
Suppose 3*n = 16*n - 11128. Let h = -12 - -2. What is the units digit of 4/h + n/40?
1
Let w be 16/6*((-1191)/(-12) - 1). Suppose -5*o = -3*o - w. What is the hundreds digit of o?
1
Suppose -16*h = 32*h - 15984. What is the hundreds digit of h?
3
Let v(q) = q + 2. Let o be v(4). Let b be (0 + 3)/(o/20). Suppose b*f - 64 = 6*f. What is the units digit of f?
6
Let l(s) = s - 13. Let i be l(17). Suppose -80 = 2*m - i*m. What is the units digit of m?
0
Let n(p) = -6*p + 47. What is the units digit of n(-7)?
9
Let p be (-5 - (-1212)/(-20))*-5. Let x = p - 169. What is the tens digit of x?
5
Suppose 5*h = 3*n + 10, -5*n + 2 + 8 = 5*h. Suppose -h*l = -5*l - 6. What is the units digit of 5 + (-1)/l*-6?
2
Suppose -4*t = 5*g - 3653, t + 0*g - g - 911 = 0. What is the hundreds digit of t?
9
Let g = -45 - -47. Suppose -2*w + 586 = 5*s, -g*w + 578 = 3*s - 0*s. What is the hundreds digit of w?
2
Let z(d) = 5*d + 20. Let o = -12 - -18. What is the tens digit of z(o)?
5
Let p be 6*(9/(-81))/(2/(-12)). Suppose p*z = 6*z - 4*y - 66, 3*y = -6. What is the units digit of z?
9
Let j = -38 - -95. Let n = j - 25. What is the tens digit of n?
3
Suppose 2*f + 36 = -f. Let i be (f/5)/((-15)/(-50)). Let b = i + 11. What is the units digit of b?
3
Suppose -3 = -2*l - 3*s + 4, -1 = -s. Suppose -5 = l*f - 155. What is the tens digit of f?
7
What is the units digit of (-216)/(-30)*(-5 - 0)*-13?
8
Let l(s) = 8*s + 15*s**2 - 1 - 6*s**2 + 19*s**3 + 10*s**3. Let r(d) = 19*d**3 + 6*d**2 + 5*d - 1. Let i(g) = 5*l(g) - 8*r(g). What is the tens digit of i(-2)?
4
Let w = 12 + 25. Let v = w - 18. Let r = 46 - v. What is the tens digit of r?
2
Suppose 2*k + 2*s - 2210 = 0, 3*k - 2475 - 846 = 3*s. Suppose 0 = -7*a + 14*a - k. What is the units digit of a?
8
Let c(w) = 29*w - 243. What is the tens digit of c(38)?
5
Suppose -108*i + 18032 = -92*i. What is the hundreds digit of i?
1
Let u(y) = 44*y + 5. Let j be 3 - 12/28 - (-12)/(-21). What is the tens digit of u(j)?
9
Let k(m) = m - 2*m**2 - 5*m + m**2 + m + 6. Let s be k(4). Let x = 51 + s. What is the units digit of x?
9
Suppose 2*f = 7*f - 130. What is the units digit of f/(-8)*(-8 - 4)?
9
Let d = 163 - 90. Let r = 45 + d. Let g = r + -71. What is the units digit of g?
7
Let p be 1582/9 - 16/(-72). Suppose -16*q = -15*q - p. What is the hundreds digit of q?
1
Suppose -11*z + 23*z - 50916 = 0. What is the tens digit of z?
4
What is the hundreds digit of ((-771)/6)/((6/24)/(-1))?
5
Let d be (-33)/(-2)*20/15. Suppose -d - 68 = j. Let z = -61 - j. What is the units digit of z?
9
Let i be 15/5*(-1)/(-1). Suppose 5*a = 3*h + a - 20, -3*h = i*a + 15. What is the units digit of (-3)/(h + 12/(-116))?
9
Let k(a) = 17*a**2 + 2*a + 1. Let r be k(-1). Suppose 5*w = w + r. Suppose 0 = n + 3, w*i = -n + 85. What is the tens digit of i?
2
What is the tens digit of 8*(-3)/(-60) + 6399/15?
2
What is the hundreds digit of -127*(-6 + 35/7)?
1
Suppose -g - g - 3529 = -3*d, -4*d - 4*g = -4692. What is the tens digit of d?
7
Let v(j) = j**3 - 10*j**2. Let t be v(10). Suppose 3*w + 16 - 130 = t. What is the tens digit of w?
3
What is the units digit of (-38)/(-4)*-125*48/(-40)?
5
Let b = -15 + 29. Let c = b + 23. What is the tens digit of c?
3
Suppose 2*b = 4*b. Suppose -3*p - p + 497 = 5*j, b = -5*j + 4*p + 513. What is the hundreds digit of j?
1
Let c be (3 - (-4)/(-2))*-9. Let m = 1 - 8. Let p = m - c. What is the units digit of p?
2
Let m = 56 - 636. What is the hundreds digit of (-6)/(-2)*m/(-15)?
1
Suppose -5*g = -4*s + 1893, 9*s + 3*g = 13*s - 1891. What is the hundreds digit of s?
4
Suppose 5*f - f - i = 1657, 1237 = 3*f + 5*i. What is the tens digit of f?
1
Let w(p) = -38*p + 28*p - 18 + 3. What is the units digit of w(-8)?
5
Let f(v) = -v. Let r(n) = -26*n + 4. Let u(g) = -26*g + 3. Let o(s) = -5*r(s) + 6*u(s). Let a(l) = 10*f(l) - o(l). What is the units digit of a(1)?
8
Let t(b) = -167*b + 13. What is the units digit of t(-1)?
0
Suppose -4*p - 4*t = -p - 103, 0 = 2*t - 2. Let m = 80 - p. What is the tens digit of m?
4
Let w = 12 + -40. Let y be 6/(-21) + 412/w. Let k = -2 - y. What is the tens digit of k?
1
Let t(n) = -251*n - 30. What is the units digit of t(-5)?
5
Suppose 6*u = -u. Suppose 5*s + 2*w - 169 = u, 3*s - 104 = -2*w - 1. What is the tens digit of s?
3
Let l(b) = -b**2 + 9*b - 6. Let w be l(9). Let i = w - -6. Suppose 0 = -i*c - c - 4, -c = 3*v - 14. What is the units digit of v?
6
Suppose -6*x + 31 = 5*q - 2*x, 0 = -2*q + 2*x - 2. Let y(c) = 0*c - c**2 - c**q - 16*c**2 - 17*c - 7. What is the units digit of y(-16)?
9
Suppose 2*f + 2*f + 5*l - 23 = 0, 0 = 3*f + l - 9. Let p = f + -9. Let a(t) = -t + 5. What is the units digit of a(p)?
2
Let g(b) = b**2 - 4*b - 3. Let t be g(5). Let s = 63 - -87. Suppose 0 = -7*u + t*u + s. What is the tens digit of u?
3
Suppose 20*f = 59 + 61. Suppose 60 = 5*d - 4*l, -2*d + 4 = l - 7. What is the units digit of d - -4*f/(-8)?
5
Suppose -4*f + 14 = -2*z, -4 - 1 = 5*z - 4*f. Let v be -3*z/(-1 - 2). Suppose 2*c - 6*c = v*j - 49, 0 = -3*c - 15. What is the tens digit of j?
2
Let d = -8 - -38. Suppose 2*n = u + d, -n + 3*n - 110 = 5*u. What is the units digit of 8/u + (-528)/(-20)?
6
Suppose -8*s = -1871 - 2913. What is the hundreds digit of s?
5
Let u = -4 - -29. Suppose u = p - 2*c, 2*p + 5*c - 21 = -7. Suppose -p + 8 = 3*f, -3*f + 30 = 3*n. What is the units digit of n?
3
Let s(l) = 57*l**3 - l**2 - 2*l - 1. What is the units digit of s(2)?
7
Suppose -3*c - 2*o = o - 36, -3*c + 3*o + 12 = 0. Let w = c + -6. Suppose -5*r + 40 = -4*t, 0*t + w*t = -r - 6. What is the units digit of r?
4
Suppose 1307*r = 1303*r + 5748. What is the hundreds digit of r?
4
Let a = -1796 + 2648. What is the units digit of a?
2
Suppose 20*n - 29*n = -3096. What is the hundreds digit of n?
3
Let x = -24 - -41. Let g(i) = i + 56. What is the units digit of g(x)?
3
Suppose 0 = 9*x - 4325 - 1633. What is the units digit of x?
2
Suppose 75*y + 103604 = 397754. What is the hundreds digit of y?
9
Let c be 21/15 - 9/(-15). Suppose 23 = 3*j - c*j. What is the units digit of j?
3
Let m(q) = q**3 + 13*q**2 - 14*q + 18. Let v be m(-14). Suppose -z - 3*g + g + v = 0, 3*g + 90 = 3*z. What is the tens digit of z?
2
Suppose -4*u - 2 = 2*z, -2*z + 11 - 31 = -2*u. What is the tens digit of (-90)/z + 7/49?
1
Let m be 16/(-72) - (-58)/18. Suppose 258 = -3*f - m*f. Let h = f - -80. What is the tens digit of h?
3
What is the thousands digit of (3 - 1) + 1562*3?
4
Let h(w) = 5*w**2 + 9*w. Let j be h(-7). Suppose -3*m + m = -3*q + j, m = -5*q - 104. What is the units digit of m/(-6) - (-3)/9?
6
Let z be (7 + 21)*(-10)/4. Let p be 28/z - 53/5. Let y(a) = -a**3 - 11*a**2 - 2*a - 14. What is the units digit of y(p)?
8
Let l(u) = -u - 2*u**2 + 2 - 2*u + 74*u**2. What is the tens digit of l(1)?
7
What is the units digit of (-3)/(-5) + 509008/145?
1
Let x(z) = -3165*z - 9. What is the hundreds digit of x(-1)?
1
What is the tens digit of 2483 + (-23)/((-184)/(-64))?
7
Let i(w) = 1 - 3*w**2 - 41*w + 37*w + 4*w**2. Let z be i(5). Suppose -z - 30 = -m + 3*a, -3*a = -4*m + 135. What is the units digit of m?
3
Let w be -747 + (7/1 - 5). What is the hundreds digit of (-8)/(-60)*-3*w?
2
What is the hundreds digit of 1/2*0 + (811 - -1)?
8
Let z = -9 - -12. Suppose -z*n + 6*n = -348. What is the units digit of n/(-8) + 2/4?
5
Let k(u) = u**2 + 6*u. Let s be k(-5). What is the units digit of 45 - (-2*5)/s?
3
Suppose -5*u + 4890 = 5*b, -3*b = b - 2*u - 3912. What is the hundreds digit of b?
9
Suppose 0 = n - 5*n - 2*a + 1220, -305 = -n - 5*a. What is the tens digit of n?
0
Let m = 88 - 88. Let b(h) = 3*h**3 + h**2 - 9. Let j(q) = 2*q**3 + q**2 - 10. Let g(t) = 3*b(t) - 4*j(t). What is the units digit of g(m)?
3
Suppose d = l + 2*d + 2, d + 8 = 2*l. Suppose 3*b - 218 = -l*g, -2*b - 5*g - 69 + 207 = 0. What is the units digit of ((-17)/(-17))/(2/b)?
7
Let j(m) = 4*m + 86. Let f be j(-23). Let n(h) = 9*h**2 + 23*h - 9. What is the tens 